{"id":265,"date":"2013-01-06T11:21:27","date_gmt":"2013-01-06T10:21:27","guid":{"rendered":"http:\/\/www.montecroce.it\/?page_id=265"},"modified":"2013-01-27T10:49:08","modified_gmt":"2013-01-27T09:49:08","slug":"il-cuore-della-chiesa-arde-al-fuoco-della-parola","status":"publish","type":"page","link":"http:\/\/www.montecroce.it\/?page_id=265","title":{"rendered":"Il cuore della Chiesa arde al fuoco della Parola"},"content":{"rendered":"<p align=\"center\"><span style=\"font-family: Albertus medium; color: #ff9900; font-size: xx-large;\">Il cuore della Chiesa arde<\/span><\/p>\n<p align=\"center\"><span style=\"font-family: Albertus medium; color: #ff9900; font-size: xx-large;\">al fuoco della Parola<\/span><\/p>\n<p>&nbsp;<\/p>\n<p style=\"text-align: center;\">(dall\u2019intervento al Congresso su <i>&#8220;La Sacra Scrittura nella vita della Chiesa&#8221;<\/i>, tenutosi a Roma nel settembre 2005, a 40 anni dalla promulgazione della <i>Dei Verbum)<\/i><\/p>\n<p>&nbsp;<\/p>\n<p style=\"text-align: left;\" align=\"center\">&#8220;[\u2026] Nella mia esperienza di vescovo a Milano per oltre ventidue anni ho avuto modo di vedere concretamente i frutti di tale preghiera fatta a partire dalla Scrittura, soprattutto in moltissimi giovani e in tanti adulti che hanno trovato in questa familiarit\u00e0 con la Bibbia la <b>capacit\u00e0 di orientare la loro vita secondo la volont\u00e0 di Dio <\/b>anche nella grande citt\u00e0 moderna e in un ambiente secolarizzato.<\/p>\n<p style=\"text-align: left;\" align=\"center\">\u00a0Molti fedeli impegnati e molti preti hanno trovato nella lettura orante della Scrittura il modo per <b>assicurare l&#8217;unit\u00e0 di vita<\/b> in una esistenza spesso frammentata e lacerata da mille diverse esigenze, nella quale era essenziale trovare un punto fermo di riferimento. Infatti il disegno di Dio presentatoci dalle Scritture, che ha il suo culmine in Ges\u00f9 Cristo, ci permette di unificare la nostra vita nel quadro del disegno di salvezza.<\/p>\n<p style=\"text-align: left;\" align=\"center\">La familiarit\u00e0 orante con la Bibbia ci aiuta inoltre ad affrontare una delle pi\u00f9 grandi sfide del nostro tempo, che \u00e8 quella di <b>vivere insieme come diversi<\/b>, non solo nella etnia ma pure nella cultura, senza distruggersi a vicenda e anche senza ignorarsi, rispettandosi e stimolandosi mutuamente per una maggiore autenticit\u00e0 di vita. Questo vale anche per ogni cammino ecumenico e anche per l&#8217;incontro tra le grandi religioni [\u2026].<\/p>\n<p style=\"text-align: left;\" align=\"center\">\u00a0Qui vorrei soprattutto menzionare le esperienze di vera e propria lectio divina, che sta un po&#8217; alla base di tutto e d\u00e0 il metodo di fondo per tutta l&#8217;animazione successiva. Il Concilio raccomanda tale &#8220;lectio divina&#8221; a <b>tutti <\/b>i fedeli. Si tratta ovviamente di una esperienza spirituale e meditativa e non propriamente esegetica. Si tratta cio\u00e8 di mettersi di fronte al testo con una spiegazione semplice che ne colga le valenze fondamentali e il messaggio permanente e che valga ad interpellare chi legge e medita e a spingerlo a pregare a partire dal testo che ha di fronte. Infatti la Bibbia va vista non solo nei suoi contenuti e nelle sue affermazioni, come un testo che dice qualcosa a qualcuno, ma anche come <b>Qualcuno che parla a chi legge <\/b>e suscita in lui un dialogo di fede e di speranza, di pentimento, di intercessione, di offerta di s\u00e9. Tale era la &#8220;lectio divina&#8221; tradizionale nel primo millennio dell&#8217;\u00e9ra cristiana, quella che appariva come prevalente nelle omelie bibliche dei Padri della Chiesa (penso alle spiegazioni bibliche di sant&#8217;Ambrogio a Milano o a quelle di Agostino a Ippona): una lettura finalizzata a un <b>incontro con l&#8217;Autore della Parola<\/b>, una <b>lettura capace di plasmare e orientare l&#8217;esistenza<\/b>.<\/p>\n<p style=\"text-align: left;\" align=\"center\">Personalmente mi sono sempre sforzato di far praticare <b>anche ai pi\u00f9 semplici fedeli <\/b>questo tipo di lettura della Bibbia, senza troppe complicazioni di metodi. Non a caso ho promosso in Duomo a Milano le scuole della Parola, che hanno insegnato a migliaia di giovani un accostamento semplice e orante al testo sacro. Esistono infatti molti modi di fare la &#8220;lectio&#8221;, ma personalmente sono convinto che occorre anzitutto insegnare alla gente un metodo semplice e mnemonicamente ritenibile, che esprimo con la triade: lectio, meditatio, contemplatio.<\/p>\n<p style=\"text-align: left;\" align=\"center\">[\u2026] Tale esercizio di lettura biblica riporta tutti a quella Parola nella quale ritroviamo la nostra unit\u00e0 e insieme scioglie i cuori analogamente a ci\u00f2 che avveniva nell&#8217;ascolto fatto dai due discepoli delle parole di Ges\u00f9 nella strada verso Emmaus: &#8220;Non ci ardeva forse il cuore nel petto mentre conversava con noi lungo il cammino, quando ci spiegava le Scritture?&#8221; (Lc 24,32).<\/p>\n<p style=\"text-align: left;\" align=\"center\">\u00c8 in questa linea dell&#8217;<b>ardore del cuore <\/b>concentrato sulla Parola che \u00e8 possibile sperare un rinnovamento della Chiesa al di l\u00e0 di quanto non possano fare discussioni e consultazioni. Auspichiamo quindi che si attui davvero come metodo pastorale in tutte le comunit\u00e0 cristiane e presso tutti i fedeli ci\u00f2 che ha proposto il Concilio Vaticano II nella <i>Dei Verbum<\/i> : <b>che tale modo di meditare e pregare a partire dalla Scrittura divenga esercizio comune a tutti i cristiani<\/b>, anche perch\u00e9 esso costituisce un antidoto efficace all&#8217;ateismo pratico della nostra societ\u00e0 soprattutto in Occidente.<\/p>\n<p style=\"text-align: left;\" align=\"center\">[\u2026] A quarant\u2019anni dalla <i>Dei Verbum<\/i> il futuro di questa Costituzione \u00e8 nelle nostre mani, ma soprattutto nelle mani di quello Spirito che, avendo guidato i Padri conciliari, guider\u00e0 anche oggi e domani noi tutti a <b>nutrirci della Parola per conformare ad essa la nostra vita<\/b>&#8220;.<\/p>\n<p style=\"text-align: right;\" align=\"center\"><strong>(Card. C.M. Martini)<\/strong><\/p>\n<p>&nbsp;<\/p>\n","protected":false},"excerpt":{"rendered":"<p>Il cuore della Chiesa arde al fuoco della Parola &nbsp; (dall\u2019intervento al Congresso su &#8220;La Sacra Scrittura nella vita della Chiesa&#8221;, tenutosi a Roma nel settembre 2005, a 40 anni dalla promulgazione della Dei Verbum) &nbsp; &#8220;[\u2026] Nella mia esperienza di vescovo a Milano per oltre ventidue anni ho avuto modo di vedere concretamente i [&hellip;]<\/p>\n","protected":false},"author":2,"featured_media":0,"parent":250,"menu_order":0,"comment_status":"open","ping_status":"open","template":"","meta":{"footnotes":""},"class_list":["post-265","page","type-page","status-publish","hentry"],"_links":{"self":[{"href":"http:\/\/www.montecroce.it\/index.php?rest_route=\/wp\/v2\/pages\/265","targetHints":{"allow":["GET"]}}],"collection":[{"href":"http:\/\/www.montecroce.it\/index.php?rest_route=\/wp\/v2\/pages"}],"about":[{"href":"http:\/\/www.montecroce.it\/index.php?rest_route=\/wp\/v2\/types\/page"}],"author":[{"embeddable":true,"href":"http:\/\/www.montecroce.it\/index.php?rest_route=\/wp\/v2\/users\/2"}],"replies":[{"embeddable":true,"href":"http:\/\/www.montecroce.it\/index.php?rest_route=%2Fwp%2Fv2%2Fcomments&post=265"}],"version-history":[{"count":6,"href":"http:\/\/www.montecroce.it\/index.php?rest_route=\/wp\/v2\/pages\/265\/revisions"}],"predecessor-version":[{"id":435,"href":"http:\/\/www.montecroce.it\/index.php?rest_route=\/wp\/v2\/pages\/265\/revisions\/435"}],"up":[{"embeddable":true,"href":"http:\/\/www.montecroce.it\/index.php?rest_route=\/wp\/v2\/pages\/250"}],"wp:attachment":[{"href":"http:\/\/www.montecroce.it\/index.php?rest_route=%2Fwp%2Fv2%2Fmedia&parent=265"}],"curies":[{"name":"wp","href":"https:\/\/api.w.org\/{rel}","templated":true}]}}

<p align="center"><span style="font-family: Albertus medium; color: #ff9900; font-size: xx-large;">Il cuore della Chiesa arde</span></p>
<p align="center"><span style="font-family: Albertus medium; color: #ff9900; font-size: xx-large;">al fuoco della Parola</span></p>
<p>&nbsp;</p>
<p style="text-align: center;">(dall’intervento al Congresso su <i>&#8220;La Sacra Scrittura nella vita della Chiesa&#8221;</i>, tenutosi a Roma nel settembre 2005, a 40 anni dalla promulgazione della <i>Dei Verbum)</i></p>
<p>&nbsp;</p>
<p style="text-align: left;" align="center">&#8220;[…] Nella mia esperienza di vescovo a Milano per oltre ventidue anni ho avuto modo di vedere concretamente i frutti di tale preghiera fatta a partire dalla Scrittura, soprattutto in moltissimi giovani e in tanti adulti che hanno trovato in questa familiarità con la Bibbia la <b>capacità di orientare la loro vita secondo la volontà di Dio </b>anche nella grande città moderna e in un ambiente secolarizzato.</p>
<p style="text-align: left;" align="center"> Molti fedeli impegnati e molti preti hanno trovato nella lettura orante della Scrittura il modo per <b>assicurare l&#8217;unità di vita</b> in una esistenza spesso frammentata e lacerata da mille diverse esigenze, nella quale era essenziale trovare un punto fermo di riferimento. Infatti il disegno di Dio presentatoci dalle Scritture, che ha il suo culmine in Gesù Cristo, ci permette di unificare la nostra vita nel quadro del disegno di salvezza.</p>
<p style="text-align: left;" align="center">La familiarità orante con la Bibbia ci aiuta inoltre ad affrontare una delle più grandi sfide del nostro tempo, che è quella di <b>vivere insieme come diversi</b>, non solo nella etnia ma pure nella cultura, senza distruggersi a vicenda e anche senza ignorarsi, rispettandosi e stimolandosi mutuamente per una maggiore autenticità di vita. Questo vale anche per ogni cammino ecumenico e anche per l&#8217;incontro tra le grandi religioni […].</p>
<p style="text-align: left;" align="center"> Qui vorrei soprattutto menzionare le esperienze di vera e propria lectio divina, che sta un po&#8217; alla base di tutto e dà il metodo di fondo per tutta l&#8217;animazione successiva. Il Concilio raccomanda tale &#8220;lectio divina&#8221; a <b>tutti </b>i fedeli. Si tratta ovviamente di una esperienza spirituale e meditativa e non propriamente esegetica. Si tratta cioè di mettersi di fronte al testo con una spiegazione semplice che ne colga le valenze fondamentali e il messaggio permanente e che valga ad interpellare chi legge e medita e a spingerlo a pregare a partire dal testo che ha di fronte. Infatti la Bibbia va vista non solo nei suoi contenuti e nelle sue affermazioni, come un testo che dice qualcosa a qualcuno, ma anche come <b>Qualcuno che parla a chi legge </b>e suscita in lui un dialogo di fede e di speranza, di pentimento, di intercessione, di offerta di sé. Tale era la &#8220;lectio divina&#8221; tradizionale nel primo millennio dell&#8217;éra cristiana, quella che appariva come prevalente nelle omelie bibliche dei Padri della Chiesa (penso alle spiegazioni bibliche di sant&#8217;Ambrogio a Milano o a quelle di Agostino a Ippona): una lettura finalizzata a un <b>incontro con l&#8217;Autore della Parola</b>, una <b>lettura capace di plasmare e orientare l&#8217;esistenza</b>.</p>
<p style="text-align: left;" align="center">Personalmente mi sono sempre sforzato di far praticare <b>anche ai più semplici fedeli </b>questo tipo di lettura della Bibbia, senza troppe complicazioni di metodi. Non a caso ho promosso in Duomo a Milano le scuole della Parola, che hanno insegnato a migliaia di giovani un accostamento semplice e orante al testo sacro. Esistono infatti molti modi di fare la &#8220;lectio&#8221;, ma personalmente sono convinto che occorre anzitutto insegnare alla gente un metodo semplice e mnemonicamente ritenibile, che esprimo con la triade: lectio, meditatio, contemplatio.</p>
<p style="text-align: left;" align="center">[…] Tale esercizio di lettura biblica riporta tutti a quella Parola nella quale ritroviamo la nostra unità e insieme scioglie i cuori analogamente a ciò che avveniva nell&#8217;ascolto fatto dai due discepoli delle parole di Gesù nella strada verso Emmaus: &#8220;Non ci ardeva forse il cuore nel petto mentre conversava con noi lungo il cammino, quando ci spiegava le Scritture?&#8221; (Lc 24,32).</p>
<p style="text-align: left;" align="center">È in questa linea dell&#8217;<b>ardore del cuore </b>concentrato sulla Parola che è possibile sperare un rinnovamento della Chiesa al di là di quanto non possano fare discussioni e consultazioni. Auspichiamo quindi che si attui davvero come metodo pastorale in tutte le comunità cristiane e presso tutti i fedeli ciò che ha proposto il Concilio Vaticano II nella <i>Dei Verbum</i> : <b>che tale modo di meditare e pregare a partire dalla Scrittura divenga esercizio comune a tutti i cristiani</b>, anche perché esso costituisce un antidoto efficace all&#8217;ateismo pratico della nostra società soprattutto in Occidente.</p>
<p style="text-align: left;" align="center">[…] A quarant’anni dalla <i>Dei Verbum</i> il futuro di questa Costituzione è nelle nostre mani, ma soprattutto nelle mani di quello Spirito che, avendo guidato i Padri conciliari, guiderà anche oggi e domani noi tutti a <b>nutrirci della Parola per conformare ad essa la nostra vita</b>&#8220;.</p>
<p style="text-align: right;" align="center"><strong>(Card. C.M. Martini)</strong></p>
<p>&nbsp;</p>
